{"id":626,"date":"2020-06-21T22:40:50","date_gmt":"2020-06-21T22:40:50","guid":{"rendered":"http:\/\/www.farkpen.com\/?page_id=626"},"modified":"2020-06-21T22:40:51","modified_gmt":"2020-06-21T22:40:51","slug":"kalite-anlayisimiz","status":"publish","type":"page","link":"http:\/\/www.farkpen.com\/index.php\/kalite-anlayisimiz\/","title":{"rendered":"KAL\u0130TE ANLAYI\u015eIMIZ"},"content":{"rendered":"\n<div class=\"wp-block-image\"><figure class=\"aligncenter size-large\"><img decoding=\"async\" loading=\"lazy\" width=\"580\" height=\"200\" src=\"http:\/\/www.farkpen.com\/wp-content\/uploads\/2020\/06\/kalite-1.png\" alt=\"\" class=\"wp-image-627\" srcset=\"http:\/\/www.farkpen.com\/wp-content\/uploads\/2020\/06\/kalite-1.png 580w, http:\/\/www.farkpen.com\/wp-content\/uploads\/2020\/06\/kalite-1-300x103.png 300w\" sizes=\"(max-width: 580px) 100vw, 580px\" \/><\/figure><\/div>\n\n\n\n<p>PVC pencere ve kap\u0131 sistemleri sekt\u00f6r\u00fcnde T\u00fcrkiye\u2019nin lider kurulu\u015flar\u0131ndan biri olan Ege Pen Deceuninck ile \u00e7al\u0131\u015fmaktay\u0131z. \u201c\u0130\u015f M\u00fckemmelli\u011fi\u201d modelini,&nbsp;&nbsp;\u00fcretim a\u015famas\u0131ndan nihai t\u00fcketiciye ula\u015ft\u0131rma a\u015famas\u0131na kadar her s\u00fcre\u00e7te b\u00fcy\u00fck bir titizlik ve profesyonellik ile uygulamaya kararl\u0131 olan \u015firketimiz, yarat\u0131c\u0131l\u0131k ve yenile\u015fimi besleyerek s\u00fcre\u00e7lerini s\u00fcrekli iyile\u015ftirmekte ve s\u00fcrd\u00fcr\u00fclebilir bir gelecek i\u00e7in sorumluluk almaktad\u0131r.<\/p>\n\n\n\n<p>Fark Pen kalite y\u00f6netim \u015fartlar\u0131na uyarak ve personelini s\u00fcrekli e\u011fiterek ve y\u00f6netime kat\u0131l\u0131m\u0131n\u0131 sa\u011flayarak, i\u015f kazalar\u0131n\u0131n olmas\u0131n\u0131 \u00f6nlemek ad\u0131na personelden gelen bildirimlerle \u00f6nceden \u00f6nlem alarak, m\u00fc\u015fteri memnuniyetini art\u0131rarak sekt\u00f6re y\u00f6n veren, g\u00fcvenilir ve&nbsp;&nbsp;her zaman tercih edilen bir kurulu\u015f olmay\u0131 varolu\u015funun temel ilkeleri olarak saymaktad\u0131r.<\/p>\n\n\n\n<p class=\"has-text-align-right\">Fark Pen<\/p>\n","protected":false},"excerpt":{"rendered":"<p>PVC pencere ve kap\u0131 sistemleri sekt\u00f6r\u00fcnde T\u00fcrkiye\u2019nin lider kurulu\u015flar\u0131ndan biri olan Ege Pen Deceuninck ile \u00e7al\u0131\u015fmaktay\u0131z. \u201c\u0130\u015f M\u00fckemmelli\u011fi\u201d modelini,&nbsp;&nbsp;\u00fcretim a\u015famas\u0131ndan<\/p>\n","protected":false},"author":1,"featured_media":0,"parent":0,"menu_order":0,"comment_status":"closed","ping_status":"closed","template":"","meta":[],"_links":{"self":[{"href":"http:\/\/www.farkpen.com\/index.php\/wp-json\/wp\/v2\/pages\/626"}],"collection":[{"href":"http:\/\/www.farkpen.com\/index.php\/wp-json\/wp\/v2\/pages"}],"about":[{"href":"http:\/\/www.farkpen.com\/index.php\/wp-json\/wp\/v2\/types\/page"}],"author":[{"embeddable":true,"href":"http:\/\/www.farkpen.com\/index.php\/wp-json\/wp\/v2\/users\/1"}],"replies":[{"embeddable":true,"href":"http:\/\/www.farkpen.com\/index.php\/wp-json\/wp\/v2\/comments?post=626"}],"version-history":[{"count":1,"href":"http:\/\/www.farkpen.com\/index.php\/wp-json\/wp\/v2\/pages\/626\/revisions"}],"predecessor-version":[{"id":628,"href":"http:\/\/www.farkpen.com\/index.php\/wp-json\/wp\/v2\/pages\/626\/revisions\/628"}],"wp:attachment":[{"href":"http:\/\/www.farkpen.com\/index.php\/wp-json\/wp\/v2\/media?parent=626"}],"curies":[{"name":"wp","href":"https:\/\/api.w.org\/{rel}","templated":true}]}}