{"id":572,"date":"2020-06-21T16:05:54","date_gmt":"2020-06-21T16:05:54","guid":{"rendered":"http:\/\/www.farkpen.com\/?page_id=572"},"modified":"2020-06-21T16:05:56","modified_gmt":"2020-06-21T16:05:56","slug":"urunler","status":"publish","type":"page","link":"http:\/\/www.farkpen.com\/index.php\/urunler\/","title":{"rendered":"\u00dcR\u00dcNLER"},"content":{"rendered":"\n<div class=\"wp-block-media-text alignwide is-stacked-on-mobile\"><figure class=\"wp-block-media-text__media\"><img decoding=\"async\" loading=\"lazy\" width=\"1024\" height=\"173\" src=\"http:\/\/www.farkpen.com\/wp-content\/uploads\/2020\/06\/41780036-ba71-4b28-8796-84602daa960c-1024x173.jpg\" alt=\"\" class=\"wp-image-573\" srcset=\"http:\/\/www.farkpen.com\/wp-content\/uploads\/2020\/06\/41780036-ba71-4b28-8796-84602daa960c-1024x173.jpg 1024w, http:\/\/www.farkpen.com\/wp-content\/uploads\/2020\/06\/41780036-ba71-4b28-8796-84602daa960c-300x51.jpg 300w, http:\/\/www.farkpen.com\/wp-content\/uploads\/2020\/06\/41780036-ba71-4b28-8796-84602daa960c-768x130.jpg 768w, http:\/\/www.farkpen.com\/wp-content\/uploads\/2020\/06\/41780036-ba71-4b28-8796-84602daa960c-1536x259.jpg 1536w, http:\/\/www.farkpen.com\/wp-content\/uploads\/2020\/06\/41780036-ba71-4b28-8796-84602daa960c.jpg 1920w\" sizes=\"(max-width: 1024px) 100vw, 1024px\" \/><\/figure><div class=\"wp-block-media-text__content\">\n<p class=\"has-text-color has-large-font-size has-vivid-cyan-blue-color\">PVC PENCERE S\u0130STEMLER\u0130<\/p>\n<\/div><\/div>\n\n\n\n<div class=\"wp-block-media-text alignwide is-stacked-on-mobile\"><figure class=\"wp-block-media-text__media\"><img decoding=\"async\" loading=\"lazy\" width=\"1024\" height=\"173\" src=\"http:\/\/www.farkpen.com\/wp-content\/uploads\/2020\/06\/8ff3650e-06ff-4cd5-aad2-11a7e9d18bf7-1024x173.jpg\" alt=\"\" class=\"wp-image-574\" srcset=\"http:\/\/www.farkpen.com\/wp-content\/uploads\/2020\/06\/8ff3650e-06ff-4cd5-aad2-11a7e9d18bf7-1024x173.jpg 1024w, http:\/\/www.farkpen.com\/wp-content\/uploads\/2020\/06\/8ff3650e-06ff-4cd5-aad2-11a7e9d18bf7-300x51.jpg 300w, http:\/\/www.farkpen.com\/wp-content\/uploads\/2020\/06\/8ff3650e-06ff-4cd5-aad2-11a7e9d18bf7-768x130.jpg 768w, http:\/\/www.farkpen.com\/wp-content\/uploads\/2020\/06\/8ff3650e-06ff-4cd5-aad2-11a7e9d18bf7-1536x259.jpg 1536w, http:\/\/www.farkpen.com\/wp-content\/uploads\/2020\/06\/8ff3650e-06ff-4cd5-aad2-11a7e9d18bf7.jpg 1920w\" sizes=\"(max-width: 1024px) 100vw, 1024px\" \/><\/figure><div class=\"wp-block-media-text__content\">\n<p class=\"has-text-color has-large-font-size has-vivid-cyan-blue-color\">PVC KAPI S\u0130STEMLER\u0130<\/p>\n<\/div><\/div>\n\n\n\n<div class=\"wp-block-media-text alignwide is-stacked-on-mobile\"><figure class=\"wp-block-media-text__media\"><img decoding=\"async\" loading=\"lazy\" width=\"1024\" height=\"173\" src=\"http:\/\/www.farkpen.com\/wp-content\/uploads\/2020\/06\/7248b240-ffea-4ea7-85f9-41a4e6e4d4a8-1024x173.jpg\" alt=\"\" class=\"wp-image-575\" srcset=\"http:\/\/www.farkpen.com\/wp-content\/uploads\/2020\/06\/7248b240-ffea-4ea7-85f9-41a4e6e4d4a8-1024x173.jpg 1024w, http:\/\/www.farkpen.com\/wp-content\/uploads\/2020\/06\/7248b240-ffea-4ea7-85f9-41a4e6e4d4a8-300x51.jpg 300w, http:\/\/www.farkpen.com\/wp-content\/uploads\/2020\/06\/7248b240-ffea-4ea7-85f9-41a4e6e4d4a8-768x130.jpg 768w, http:\/\/www.farkpen.com\/wp-content\/uploads\/2020\/06\/7248b240-ffea-4ea7-85f9-41a4e6e4d4a8-1536x259.jpg 1536w, http:\/\/www.farkpen.com\/wp-content\/uploads\/2020\/06\/7248b240-ffea-4ea7-85f9-41a4e6e4d4a8.jpg 1920w\" sizes=\"(max-width: 1024px) 100vw, 1024px\" \/><\/figure><div class=\"wp-block-media-text__content\">\n<p class=\"has-text-color has-large-font-size has-vivid-cyan-blue-color\">PVC S\u00dcRME S\u0130STEMLER\u0130<\/p>\n<\/div><\/div>\n\n\n\n<div class=\"wp-block-media-text alignwide is-stacked-on-mobile\"><figure class=\"wp-block-media-text__media\"><img decoding=\"async\" loading=\"lazy\" width=\"1024\" height=\"173\" src=\"http:\/\/www.farkpen.com\/wp-content\/uploads\/2020\/06\/f7a745c2-7044-44e1-ae1e-8dc2bfe03e5d-1024x173.jpg\" alt=\"\" class=\"wp-image-576\" srcset=\"http:\/\/www.farkpen.com\/wp-content\/uploads\/2020\/06\/f7a745c2-7044-44e1-ae1e-8dc2bfe03e5d-1024x173.jpg 1024w, http:\/\/www.farkpen.com\/wp-content\/uploads\/2020\/06\/f7a745c2-7044-44e1-ae1e-8dc2bfe03e5d-300x51.jpg 300w, http:\/\/www.farkpen.com\/wp-content\/uploads\/2020\/06\/f7a745c2-7044-44e1-ae1e-8dc2bfe03e5d-768x130.jpg 768w, http:\/\/www.farkpen.com\/wp-content\/uploads\/2020\/06\/f7a745c2-7044-44e1-ae1e-8dc2bfe03e5d-1536x259.jpg 1536w, http:\/\/www.farkpen.com\/wp-content\/uploads\/2020\/06\/f7a745c2-7044-44e1-ae1e-8dc2bfe03e5d.jpg 1920w\" sizes=\"(max-width: 1024px) 100vw, 1024px\" \/><\/figure><div class=\"wp-block-media-text__content\">\n<p class=\"has-text-color has-large-font-size has-vivid-cyan-blue-color\">STORBOX PANJUR<\/p>\n<\/div><\/div>\n\n\n\n<div class=\"wp-block-media-text alignwide is-stacked-on-mobile\"><figure class=\"wp-block-media-text__media\"><img decoding=\"async\" loading=\"lazy\" width=\"1024\" height=\"173\" src=\"http:\/\/www.farkpen.com\/wp-content\/uploads\/2020\/06\/83224a68-426f-4361-b851-8cd59ce7fbc3-1024x173.jpg\" alt=\"\" class=\"wp-image-577\" srcset=\"http:\/\/www.farkpen.com\/wp-content\/uploads\/2020\/06\/83224a68-426f-4361-b851-8cd59ce7fbc3-1024x173.jpg 1024w, http:\/\/www.farkpen.com\/wp-content\/uploads\/2020\/06\/83224a68-426f-4361-b851-8cd59ce7fbc3-300x51.jpg 300w, http:\/\/www.farkpen.com\/wp-content\/uploads\/2020\/06\/83224a68-426f-4361-b851-8cd59ce7fbc3-768x130.jpg 768w, http:\/\/www.farkpen.com\/wp-content\/uploads\/2020\/06\/83224a68-426f-4361-b851-8cd59ce7fbc3-1536x259.jpg 1536w, http:\/\/www.farkpen.com\/wp-content\/uploads\/2020\/06\/83224a68-426f-4361-b851-8cd59ce7fbc3.jpg 1920w\" sizes=\"(max-width: 1024px) 100vw, 1024px\" \/><\/figure><div class=\"wp-block-media-text__content\">\n<p class=\"has-text-color has-large-font-size has-vivid-cyan-blue-color\">PVC KEPENK S\u0130STEMLER\u0130<\/p>\n<\/div><\/div>\n\n\n\n<div class=\"wp-block-media-text alignwide is-stacked-on-mobile\"><figure class=\"wp-block-media-text__media\"><img decoding=\"async\" loading=\"lazy\" width=\"1024\" height=\"173\" src=\"http:\/\/www.farkpen.com\/wp-content\/uploads\/2020\/06\/e29e2ccc-05cf-4b32-9c29-780419b6e35f-1024x173.jpg\" alt=\"\" class=\"wp-image-578\" srcset=\"http:\/\/www.farkpen.com\/wp-content\/uploads\/2020\/06\/e29e2ccc-05cf-4b32-9c29-780419b6e35f-1024x173.jpg 1024w, http:\/\/www.farkpen.com\/wp-content\/uploads\/2020\/06\/e29e2ccc-05cf-4b32-9c29-780419b6e35f-300x51.jpg 300w, http:\/\/www.farkpen.com\/wp-content\/uploads\/2020\/06\/e29e2ccc-05cf-4b32-9c29-780419b6e35f-768x130.jpg 768w, http:\/\/www.farkpen.com\/wp-content\/uploads\/2020\/06\/e29e2ccc-05cf-4b32-9c29-780419b6e35f-1536x259.jpg 1536w, http:\/\/www.farkpen.com\/wp-content\/uploads\/2020\/06\/e29e2ccc-05cf-4b32-9c29-780419b6e35f.jpg 1920w\" sizes=\"(max-width: 1024px) 100vw, 1024px\" \/><\/figure><div class=\"wp-block-media-text__content\">\n<p class=\"has-text-color has-large-font-size has-vivid-cyan-blue-color\">DEKOR LAMBR\u0130<\/p>\n<\/div><\/div>\n\n\n\n<div class=\"wp-block-media-text alignwide is-stacked-on-mobile\"><figure class=\"wp-block-media-text__media\"><img decoding=\"async\" loading=\"lazy\" width=\"512\" height=\"234\" src=\"http:\/\/www.farkpen.com\/wp-content\/uploads\/2020\/06\/unnamed.png\" alt=\"\" class=\"wp-image-579\" srcset=\"http:\/\/www.farkpen.com\/wp-content\/uploads\/2020\/06\/unnamed.png 512w, http:\/\/www.farkpen.com\/wp-content\/uploads\/2020\/06\/unnamed-300x137.png 300w\" sizes=\"(max-width: 512px) 100vw, 512px\" \/><\/figure><div class=\"wp-block-media-text__content\">\n<p class=\"has-text-color has-large-font-size has-vivid-cyan-blue-color\">S\u0130NEKL\u0130K<\/p>\n<\/div><\/div>\n\n\n\n<div class=\"wp-block-media-text alignwide is-stacked-on-mobile\"><figure class=\"wp-block-media-text__media\"><img decoding=\"async\" loading=\"lazy\" width=\"1024\" height=\"173\" src=\"http:\/\/www.farkpen.com\/wp-content\/uploads\/2020\/06\/1d7cc6b8-8005-4aaa-90c3-66c6bfcc9409-1024x173.jpg\" alt=\"\" class=\"wp-image-580\" srcset=\"http:\/\/www.farkpen.com\/wp-content\/uploads\/2020\/06\/1d7cc6b8-8005-4aaa-90c3-66c6bfcc9409-1024x173.jpg 1024w, http:\/\/www.farkpen.com\/wp-content\/uploads\/2020\/06\/1d7cc6b8-8005-4aaa-90c3-66c6bfcc9409-300x51.jpg 300w, http:\/\/www.farkpen.com\/wp-content\/uploads\/2020\/06\/1d7cc6b8-8005-4aaa-90c3-66c6bfcc9409-768x130.jpg 768w, http:\/\/www.farkpen.com\/wp-content\/uploads\/2020\/06\/1d7cc6b8-8005-4aaa-90c3-66c6bfcc9409-1536x259.jpg 1536w, http:\/\/www.farkpen.com\/wp-content\/uploads\/2020\/06\/1d7cc6b8-8005-4aaa-90c3-66c6bfcc9409.jpg 1920w\" sizes=\"(max-width: 1024px) 100vw, 1024px\" \/><\/figure><div class=\"wp-block-media-text__content\">\n<p class=\"has-text-color has-large-font-size has-vivid-cyan-blue-color\">DECEUNINCK CAM BALKON S\u0130STEMLER\u0130<\/p>\n<\/div><\/div>\n","protected":false},"excerpt":{"rendered":"<p>PVC PENCERE S\u0130STEMLER\u0130 PVC KAPI S\u0130STEMLER\u0130 PVC S\u00dcRME S\u0130STEMLER\u0130 STORBOX PANJUR PVC KEPENK S\u0130STEMLER\u0130 DEKOR LAMBR\u0130 S\u0130NEKL\u0130K DECEUNINCK CAM BALKON<\/p>\n","protected":false},"author":1,"featured_media":0,"parent":0,"menu_order":0,"comment_status":"closed","ping_status":"closed","template":"","meta":[],"_links":{"self":[{"href":"http:\/\/www.farkpen.com\/index.php\/wp-json\/wp\/v2\/pages\/572"}],"collection":[{"href":"http:\/\/www.farkpen.com\/index.php\/wp-json\/wp\/v2\/pages"}],"about":[{"href":"http:\/\/www.farkpen.com\/index.php\/wp-json\/wp\/v2\/types\/page"}],"author":[{"embeddable":true,"href":"http:\/\/www.farkpen.com\/index.php\/wp-json\/wp\/v2\/users\/1"}],"replies":[{"embeddable":true,"href":"http:\/\/www.farkpen.com\/index.php\/wp-json\/wp\/v2\/comments?post=572"}],"version-history":[{"count":1,"href":"http:\/\/www.farkpen.com\/index.php\/wp-json\/wp\/v2\/pages\/572\/revisions"}],"predecessor-version":[{"id":581,"href":"http:\/\/www.farkpen.com\/index.php\/wp-json\/wp\/v2\/pages\/572\/revisions\/581"}],"wp:attachment":[{"href":"http:\/\/www.farkpen.com\/index.php\/wp-json\/wp\/v2\/media?parent=572"}],"curies":[{"name":"wp","href":"https:\/\/api.w.org\/{rel}","templated":true}]}}