{"id":552,"date":"2020-06-21T15:38:54","date_gmt":"2020-06-21T15:38:54","guid":{"rendered":"http:\/\/www.farkpen.com\/?page_id=552"},"modified":"2020-06-21T15:38:57","modified_gmt":"2020-06-21T15:38:57","slug":"suprem-deceuninck-cam-balkon-sistemleri","status":"publish","type":"page","link":"http:\/\/www.farkpen.com\/index.php\/suprem-deceuninck-cam-balkon-sistemleri\/","title":{"rendered":"SUPREM DECEUNINCK CAM BALKON S\u0130STEMLER\u0130"},"content":{"rendered":"\n<p>Genel \u00d6zellikler<\/p>\n\n\n\n<p>Suprem Sistemleri, yo\u011fun Ar-Ge \u00e7al\u0131\u015fmalar\u0131 sonucunda son teknoloji ile \u00fcretilmi\u015ftir. Y\u00fcksek ve geni\u015f a\u00e7\u0131kl\u0131klara uygulanan Suprem Sistemleri, sa\u011flad\u0131\u011f\u0131 ses ve \u0131s\u0131 yal\u0131t\u0131m\u0131 sayesinde di\u011fer cam balkon \u00fcr\u00fcnlerinden ayr\u0131\u015f\u0131r.<\/p>\n\n\n\n<ul><li><strong>Suprem Sistemleri Kullan\u0131c\u0131s\u0131na Neler Sunar?<\/strong><\/li><\/ul>\n\n\n\n<p>Suprem Sistemleri manzaradan \u00f6d\u00fcn vermeyen yap\u0131s\u0131 ve t\u00fcm mek\u00e2nlar\u0131 tamamlayacak 8 farkl\u0131 renk se\u00e7ene\u011fi ile kullan\u0131c\u0131lara b\u00fct\u00fcnleyici bir ya\u015fam alan\u0131 yarat\u0131r.<\/p>\n\n\n\n<p>Temperli tek cam, temperli \u00e7ift cam uygulamalar\u0131 ve sahip oldu\u011fu donan\u0131mlarla d\u0131\u015far\u0131dan gelen darbelere kar\u015f\u0131 y\u00fcksek dayan\u0131m sa\u011flamaktad\u0131r.<\/p>\n\n\n\n<p>Suprem Sistemleri, dekoratif, temizlenmesi kolay ve estetik \u00e7\u00f6z\u00fcmler sunar.<\/p>\n\n\n\n<p>Uygun cam kullan\u0131m\u0131 ile \u0131s\u0131 yal\u0131t\u0131m\u0131 sa\u011flayarak her mevsimde balkon keyfi ya\u015faman\u0131z\u0131 sa\u011flar.<\/p>\n\n\n\n<p>Toz ge\u00e7i\u015fini engelleyen yap\u0131s\u0131 sayesinde balkonunuzun kirlenmemesini sa\u011flar.<\/p>\n\n\n\n<p>Suprem Sistemlerinde bulunan cam panellerin her iki y\u00fczeyi, g\u00fcvenli ve kolay bir \u015fekilde i\u00e7 mekandan temizlenebilir.<\/p>\n\n\n\n<ul><li><strong>Kullan\u0131m Kolayl\u0131\u011f\u0131 Sa\u011flayan Kol Detay\u0131<\/strong><\/li><\/ul>\n\n\n\n<p>Uygulanacak alan\u0131n yap\u0131s\u0131na g\u00f6re kollu ve telli alternatifleri ile farkl\u0131 bir\u00e7ok ortama uygulanabilir.<\/p>\n\n\n\n<p>Kollu uygulama, \u015f\u0131k tasar\u0131m\u0131 ve kolay kullan\u0131m\u0131 ile dikkat \u00e7ekerken ayn\u0131 zamanda \u00e7o\u00e7uklar i\u00e7in ektra g\u00fcvenlik sa\u011flar.<\/p>\n\n\n\n<ul><li><strong>Suprem Sistemleri Yal\u0131t\u0131m \u00d6zellikleri<\/strong><\/li><\/ul>\n\n\n\n<p>Suprem Sistemleri, sahip oldu\u011fu contal\u0131 \u00e7\u0131k\u0131\u015f kapa\u011f\u0131 ile r\u00fczgar ge\u00e7i\u015fini engeller.<\/p>\n\n\n\n<p>Suprem Sistemlerinde kanat ve ray profillerinde bulunan f\u0131r\u00e7a conta kanallar\u0131 sayesinde r\u00fczgar dayan\u0131m\u0131 kuvvetlendirilmi\u015ftir.<\/p>\n\n\n\n<p>Suprem Sistemlerinde kanatta bulunan gizli su tahliye kanallar\u0131 ile terlemeden kaynakl\u0131 olu\u015fan sorunlar ortadan kalkar.<\/p>\n\n\n\n<p>Suprem Sistemlerinde kullan\u0131lan \u00e7ift cam, ses yal\u0131t\u0131m\u0131yla sessiz ve huzurlu ya\u015fam alanlar\u0131 olu\u015fturulmas\u0131na katk\u0131 sa\u011flar.<\/p>\n\n\n\n<p>D\u00fc\u015feyde be\u015f s\u0131ra f\u0131r\u00e7a veya tpv conta kullan\u0131larak k\u00f6t\u00fc hava ko\u015fullar\u0131n\u0131n etkisini azalt\u0131r. Ayn\u0131 zamanda kullan\u0131c\u0131s\u0131na t\u00fcm mevsimlere uygun huzurlu bir alan yarat\u0131r.<\/p>\n\n\n\n<ul><li><strong>Suprem Sistemlerinin Do\u011fru Montaj\u0131 Neden \u00d6nemlidir?<\/strong><\/li><\/ul>\n\n\n\n<p>Kolay kullan\u0131m ve \u00fcst\u00fcn performans i\u00e7in do\u011fru montaj yap\u0131lmas\u0131 b\u00fcy\u00fck \u00f6nem ta\u015f\u0131r.<\/p>\n\n\n\n<p>Do\u011fru montaj\u0131 yap\u0131lm\u0131\u015f Suprem Sistemi, kullan\u0131c\u0131s\u0131na g\u00fcvenlikle birlikte, hava, su ve r\u00fczg\u00e2r yal\u0131t\u0131m\u0131 sunar.<\/p>\n\n\n\n<ul><li><strong>Suprem Sistemleri Emniyet ve G\u00fcvenlik<\/strong><\/li><\/ul>\n\n\n\n<p>Suprem Sistemlerinde istasyon noktas\u0131nda kanatlar\u0131n a\u00e7\u0131k konumdayken sabitlenmesini sa\u011flayan \u00e7ocuk emniyet kilidi ile g\u00fcvenlik artt\u0131r\u0131lm\u0131\u015ft\u0131r.<\/p>\n\n\n\n<p>Suprem Sistemleri ile iste\u011fe ba\u011fl\u0131 olarak 8 mm temperli tek cam, 10 mm temperli tek cam, 24 mm temperli \u00e7ift cam, 30 mm temperli \u00e7ift cam uygulamas\u0131 yap\u0131labilmektedir. Temperli cam kullan\u0131lmas\u0131ndan dolay\u0131 d\u0131\u015far\u0131dan gelen darbelere dayan\u0131m fazlad\u0131r. Ayn\u0131 zamanda cam k\u0131r\u0131lmalar\u0131nda taneler halinde d\u00f6k\u00fclerek yaralanmay\u0131 engeller.<\/p>\n\n\n\n<ul><li><strong>JALUZ\u0130<\/strong><\/li><\/ul>\n\n\n\n<p>30 mm temperli cam kullan\u0131m\u0131nda iste\u011fe ba\u011fl\u0131 olarak iki cam aras\u0131 jaluzi kullan\u0131labilir. Estetik g\u00f6r\u00fcn\u00fcm yakalamak ve g\u00fcne\u015fi kontrol etmek i\u00e7in yap\u0131lan bu uygulama ayn\u0131 zamanda ekstra perde kullan\u0131m\u0131 da gerektirmez.<\/p>\n\n\n\n<ul><li><strong>G\u00fcne\u015f Kontrol Sistemleri \/ D\u0131\u015f Mekan Perde<\/strong><\/li><\/ul>\n\n\n\n<p>M\u00fckemmel \u0131s\u0131 ve \u0131\u015f\u0131k kontrol\u00fc \u00f6zelli\u011fiyle \u00f6ne \u00e7\u0131kan D\u0131\u015f Mekan Perde Sistemi, Suprem sistemine uygulanabilmektedir. D\u0131\u015f Mekan Perde Sistemi ile evinize girecek g\u00fcne\u015f \u0131\u015f\u0131nlar\u0131n\u0131 kontrol edebilirsiniz. Ya\u011fmur ile kendini temizleyen d\u0131\u015f mekan perde sistemi ya\u011fmurlu havalarda camlar\u0131n\u0131z\u0131n kirlenmesini engeller. \u0130\u00e7 mekan\u0131 k\u00f6t\u00fc hava ko\u015fullar\u0131na kar\u015f\u0131 korur. Sineklik g\u00f6revi g\u00f6rerek t\u00fcm ha\u015ferelere kar\u015f\u0131 koruma sa\u011flar. Manzaran\u0131z\u0131 bozmadan rahatl\u0131kla d\u0131\u015far\u0131y\u0131 izleyebilme imkan\u0131 sunarken yaz\u0131n klima, k\u0131\u015f\u0131n yak\u0131t masraflar\u0131n\u0131 azalt\u0131r.<\/p>\n\n\n\n<h3>Teknik \u00d6zellikler<img decoding=\"async\" src=\"https:\/\/www.egepen.com.tr\/images\/suprem.jpg\"><\/h3>\n\n\n\n<figure class=\"wp-block-table\"><table><tbody><tr><td><strong>Geni\u015flik<\/strong><\/td><td><strong>:<\/strong>&nbsp;47 mm<\/td><\/tr><tr><td><strong>Conta<\/strong><\/td><td><strong>:<\/strong>&nbsp;TPV \/ F\u0131r\u00e7a Conta<\/td><\/tr><tr><td><strong>Conta Say\u0131s\u0131<\/strong><\/td><td><strong>:<\/strong>&nbsp;\u0130\u00e7-D\u0131\u015f \/4 s\u0131ra-5 s\u0131ra<\/td><\/tr><tr><td><strong>Kanat Aralar\u0131<\/strong><\/td><td><strong>:<\/strong>&nbsp;Al\u00fcminyum Kapak Profili<\/td><\/tr><tr><td><strong>Cam Uygulamalar\u0131<\/strong><\/td><td><strong>:<\/strong>&nbsp;8 mm temperli tek cam, 10 mm temperli tek cam, 24 mm temperli \u00e7ift cam, 30 mm temperli \u00e7ift cam<\/td><\/tr><tr><td><strong>Opsiyon<\/strong><\/td><td><strong>:<\/strong>&nbsp;\u0130spanyolet kullan\u0131m\u0131, jaluzi kullan\u0131m\u0131, enjeksiyon kapak kullan\u0131m\u0131<\/td><\/tr><\/tbody><\/table><\/figure>\n\n\n\n<h3>Renk Se\u00e7enekleri<\/h3>\n\n\n\n<p>Suprem Deceuninck Cam Balkon Sistemleri&nbsp;zengin renk se\u00e7enekleri ile t\u00fcketicilerin beklentilerini kar\u015f\u0131lamaktad\u0131r.<\/p>\n\n\n\n<div class=\"wp-block-image\"><figure class=\"alignleft\"><img decoding=\"async\" src=\"https:\/\/www.egepen.com.tr\/images\/altin-mese-k.png\" alt=\"Alt\u0131n Me\u015fe\" title=\"\"\/><\/figure><\/div>\n\n\n\n<div class=\"wp-block-image\"><figure class=\"alignleft\"><img decoding=\"async\" src=\"https:\/\/www.egepen.com.tr\/images\/findik-k.png\" alt=\"F\u0131nd\u0131k\" title=\"\"\/><\/figure><\/div>\n\n\n\n<div class=\"wp-block-image\"><figure class=\"alignleft\"><img decoding=\"async\" src=\"https:\/\/www.egepen.com.tr\/images\/naturel-k.png\" alt=\"Naturel\" title=\"\"\/><\/figure><\/div>\n\n\n\n<div class=\"wp-block-image\"><figure class=\"alignleft\"><img decoding=\"async\" src=\"https:\/\/www.egepen.com.tr\/images\/parlak-eloksal_k.png\" alt=\"Parlak Eloksal\" title=\"\"\/><\/figure><\/div>\n\n\n\n<div class=\"wp-block-image\"><figure class=\"alignleft\"><img decoding=\"async\" src=\"https:\/\/www.egepen.com.tr\/images\/sedef-beyaz_k.png\" alt=\"Sedef Beyaz\" title=\"\"\/><\/figure><\/div>\n\n\n\n<div class=\"wp-block-image\"><figure class=\"alignleft\"><img decoding=\"async\" src=\"https:\/\/www.egepen.com.tr\/images\/vizon_k.png\" alt=\"Vizon\" title=\"\"\/><\/figure><\/div>\n\n\n\n<div class=\"wp-block-image\"><figure class=\"alignleft\"><img decoding=\"async\" src=\"https:\/\/www.egepen.com.tr\/images\/gri_k.png\" alt=\"Gri\" title=\"\"\/><\/figure><\/div>\n\n\n\n<div class=\"wp-block-image\"><figure class=\"alignleft\"><a href=\"https:\/\/www.egepen.com.tr\/images\/titan.jpg\"><img decoding=\"async\" src=\"https:\/\/www.egepen.com.tr\/images\/titan_k.png\" alt=\"Titan\" title=\"\"\/><\/a><\/figure><\/div>\n\n\n\n<figure class=\"wp-block-image size-large\"><img decoding=\"async\" src=\"https:\/\/www.egepen.com.tr\/egepenTemp\/sm_crp_35eb2f41-55e9-4cbc-bd4d-3155fa12bec3.jpg\" alt=\"\"\/><\/figure>\n","protected":false},"excerpt":{"rendered":"<p>Genel \u00d6zellikler Suprem Sistemleri, yo\u011fun Ar-Ge \u00e7al\u0131\u015fmalar\u0131 sonucunda son teknoloji ile \u00fcretilmi\u015ftir. Y\u00fcksek ve geni\u015f a\u00e7\u0131kl\u0131klara uygulanan Suprem Sistemleri, sa\u011flad\u0131\u011f\u0131<\/p>\n","protected":false},"author":1,"featured_media":0,"parent":0,"menu_order":0,"comment_status":"closed","ping_status":"closed","template":"","meta":[],"_links":{"self":[{"href":"http:\/\/www.farkpen.com\/index.php\/wp-json\/wp\/v2\/pages\/552"}],"collection":[{"href":"http:\/\/www.farkpen.com\/index.php\/wp-json\/wp\/v2\/pages"}],"about":[{"href":"http:\/\/www.farkpen.com\/index.php\/wp-json\/wp\/v2\/types\/page"}],"author":[{"embeddable":true,"href":"http:\/\/www.farkpen.com\/index.php\/wp-json\/wp\/v2\/users\/1"}],"replies":[{"embeddable":true,"href":"http:\/\/www.farkpen.com\/index.php\/wp-json\/wp\/v2\/comments?post=552"}],"version-history":[{"count":1,"href":"http:\/\/www.farkpen.com\/index.php\/wp-json\/wp\/v2\/pages\/552\/revisions"}],"predecessor-version":[{"id":553,"href":"http:\/\/www.farkpen.com\/index.php\/wp-json\/wp\/v2\/pages\/552\/revisions\/553"}],"wp:attachment":[{"href":"http:\/\/www.farkpen.com\/index.php\/wp-json\/wp\/v2\/media?parent=552"}],"curies":[{"name":"wp","href":"https:\/\/api.w.org\/{rel}","templated":true}]}}