{"id":540,"date":"2020-06-21T15:06:46","date_gmt":"2020-06-21T15:06:46","guid":{"rendered":"http:\/\/www.farkpen.com\/?page_id=540"},"modified":"2020-06-21T15:06:48","modified_gmt":"2020-06-21T15:06:48","slug":"zen-uno-deceuninck-cam-balkon-sistemleri","status":"publish","type":"page","link":"http:\/\/www.farkpen.com\/index.php\/zen-uno-deceuninck-cam-balkon-sistemleri\/","title":{"rendered":"ZEN UNO DECEUNINCK CAM BALKON S\u0130STEMLER\u0130"},"content":{"rendered":"\n<h3>Genel \u00d6zellikler<\/h3>\n\n\n\n<p>Zen uno Sistemi, kolay kullan\u0131m\u0131, g\u00fcvenli\u011fi ve esteti\u011fi bir arada sunan bir sistem tasar\u0131m\u0131d\u0131r. Zen uno Sistemi sahip oldu\u011fu tutamak tasar\u0131m\u0131 ve ta\u015f\u0131ma kapasitesi ile kullan\u0131c\u0131s\u0131na kolay bir kullan\u0131m imkan\u0131 yarat\u0131r. <\/p>\n\n\n\n<ul><li><strong>Sa\u011flad\u0131\u011f\u0131 g\u00f6rsel b\u00fct\u00fcnl\u00fck ve 8 farkl\u0131 renk se\u00e7ene\u011fi sayesinde de evinizin dekorasyonuna tam uyum sa\u011flar.<\/strong><\/li><\/ul>\n\n\n\n<p>Zen uno sistemi, kolay kullan\u0131m\u0131, g\u00fcvenli\u011fi ve esteti\u011fi bir arada sunan bir sitem tasar\u0131m\u0131d\u0131r. Zen uno sistemi sahip oldu\u011fu tutamak tasar\u0131m\u0131 ve ta\u015f\u0131ma kapasitesi ile kullan\u0131c\u0131s\u0131na kolay bir kullan\u0131m imkan\u0131 yarat\u0131r.<\/p>\n\n\n\n<p>Zen uno sistemi, e\u015fikli yada e\u015fiksiz olarak tercih edilebilir.<\/p>\n\n\n\n<p><strong>Zen uno Sistemleri Kullan\u0131c\u0131s\u0131na Neler Sunar?<\/strong><\/p>\n\n\n\n<p>Zen uno sistemleri manzaradan \u00f6d\u00fcn vermeyen yap\u0131s\u0131 ve t\u00fcm mek\u00e2nlar\u0131 tamamlayacak 8 farkl\u0131 renk se\u00e7ene\u011fi ile kullan\u0131c\u0131lara b\u00fct\u00fcnleyici bir ya\u015fam alan\u0131 yarat\u0131r.<\/p>\n\n\n\n<p>Temperli cam uygulamalar\u0131 ve sahip oldu\u011fu donan\u0131mlarla g\u00fcvenli\u011fin yan\u0131 s\u0131ra hava, su ve r\u00fczgar yal\u0131t\u0131m\u0131 sa\u011flar.<\/p>\n\n\n\n<p>Zen uno sistemleri dekoratif, temizlenmesi kolay ve estetik \u00e7\u00f6z\u00fcmler sunar.<\/p>\n\n\n\n<p><strong>Uyguland\u0131\u011f\u0131 alanlarda kullan\u0131m kolayl\u0131\u011f\u0131 yarat\u0131rken, kesintisiz manzara imkan\u0131 yarat\u0131r.<\/strong><\/p>\n\n\n\n<p>Hem sa\u011fa hem de sola toplanabilme \u00f6zelli\u011fi ile yap\u0131ld\u0131\u011f\u0131 alan\u0131 a\u00e7\u0131k hale d\u00f6n\u00fc\u015ft\u00fcr\u00fclerek kesintisiz manzara g\u00f6r\u00fcn\u00fcm\u00fc sunar. \u00dcr\u00fcn hem i\u00e7eriden hem de d\u0131\u015far\u0131dan kilitlenebilme \u00f6zelli\u011fi ile d\u0131\u015far\u0131dan gelebilecek m\u00fcdahalelere kar\u015f\u0131 g\u00fcvenli bir ortam yarat\u0131r. <\/p>\n\n\n\n<p>Zen uno sisteminde bulunan \u00fcst kilit seti ile r\u00fczgar ve tozun i\u00e7 k\u0131sma ge\u00e7isi engellenir. Bu sayede konforlu bir camoda ya\u015fam alan\u0131 olu\u015fur.<\/p>\n\n\n\n<p>Zen uno sistemi temperli cam kullan\u0131m\u0131 sayesinde her t\u00fcrl\u00fc mek\u00e2nda g\u00fcvenle kullan\u0131labilir.<\/p>\n\n\n\n<p><strong>Zen uno Sistemleri Yal\u0131t\u0131m\u0131<\/strong><\/p>\n\n\n\n<p>Zen uno sisteminde bulunan al\u00fcminyum s\u0131zd\u0131rmazl\u0131k profili sayesinde cam esnemesi ve hava ge\u00e7i\u015fi minimum seviyeye indirilerek g\u00fcvenli ve yal\u0131t\u0131ml\u0131 bir ortam sa\u011flan\u0131r.<\/p>\n\n\n\n<p>Zen uno sistemleri kanat profillerinde bulunan f\u0131r\u00e7a conta kanallar\u0131 sayesinde r\u00fczgar dayan\u0131m\u0131 kuvvetlendirilmi\u015ftir. D\u00fc\u015feyde \u00e7ift s\u0131ra kullan\u0131m imkan\u0131 sunarak d\u0131\u015f etkenlerin etkisini azaltarak kullan\u0131c\u0131s\u0131na t\u00fcm mevsimlere uygun huzurlu bir alan imkan\u0131 yarat\u0131r.<\/p>\n\n\n\n<p><strong>Zen uno Sistemleri\u2019nin Do\u011fru Montaj\u0131 Neden \u00d6nemlidir?<\/strong><\/p>\n\n\n\n<p>Yenilik\u00e7i tasar\u0131m kriterlerine g\u00f6re olu\u015fturulan Zen uno sistemleri pek \u00e7ok \u00fcst\u00fcn \u00f6zelli\u011fe sahiptir.<\/p>\n\n\n\n<p>Kolay kullan\u0131m ve \u00fcst\u00fcn performans i\u00e7in do\u011fru montaj yap\u0131lmas\u0131 b\u00fcy\u00fck \u00f6nem ta\u015f\u0131r.<\/p>\n\n\n\n<p>Do\u011fru montaj\u0131 yap\u0131lm\u0131\u015f Zen uno sistemi kullan\u0131c\u0131s\u0131na g\u00fcvenlikle birlikte, hava, su ve r\u00fczgar yal\u0131t\u0131m\u0131 sunar.<\/p>\n\n\n\n<p><strong>Zen uno Sistemleri Ses Yal\u0131t\u0131m\u0131<\/strong><\/p>\n\n\n\n<p>Zen uno sistemleri sessiz ve huzurlu ya\u015fam alanlar\u0131 olu\u015fturulmas\u0131 i\u00e7in ses yal\u0131t\u0131m\u0131 sa\u011flar.<\/p>\n\n\n\n<p><strong>Zen uno Sistemleri Emniyet ve G\u00fcvenlik<\/strong><\/p>\n\n\n\n<p>Zen uno sisteminde hem i\u00e7eriden hem de d\u0131\u015far\u0131dan kilitlenebilme \u00f6zelli\u011fine sahiptir. Sahip oldu\u011fu \u00f6zel kilitleme mekan\u0131zmas\u0131 d\u0131\u015far\u0131dan gelebilecek m\u00fcdahalelere kar\u015f\u0131 g\u00fcvenli bir ortam yarat\u0131r.<\/p>\n\n\n\n<p>Zen uno sistemlerinde \u015feffaf conta yerine al\u00fcminyum kapak profili kullan\u0131l\u0131r. Bu sayede profiller sararmaz, k\u0131r\u0131lmaz ayn\u0131 zamanda tutamak olarak kullan\u0131m imkan\u0131 da yarat\u0131r. Panel boyunca sahip oldu\u011fu gizli f\u0131r\u00e7a conta uygulamas\u0131 ile yal\u0131t\u0131m performans\u0131 artt\u0131r\u0131l\u0131rken estetik g\u00f6r\u00fcn\u00fcmden de \u00f6d\u00fcn vermez.<\/p>\n\n\n\n<p><strong>Zen uno Sistemleri Nas\u0131l \u00dcretilir?<\/strong><\/p>\n\n\n\n<p>Yenilik\u00e7i cam balkon sistemleri kullan\u0131c\u0131s\u0131na kolayl\u0131k ve konfor sunmak amac\u0131yla tasarlanm\u0131\u015ft\u0131r.<\/p>\n\n\n\n<p>Bayilerimiz, y\u00fcksek standartlarda ve kalitede \u00fcretim yaparak Zen uno sistemlerinin sahip oldu\u011fu \u00fcst\u00fcn \u00f6zelliklerden son kullan\u0131c\u0131n\u0131n faydalanmas\u0131n\u0131 sa\u011flar.<\/p>\n\n\n\n<p>Y\u00fcksek performansl\u0131, kullan\u0131c\u0131 dostu sistemler i\u00e7in Zen uno sistemleri \u00fcretimin t\u00fcm s\u00fcre\u00e7lerini titizlikle y\u00f6nlendirmektedir.<\/p>\n\n\n\n<h3>Teknik \u00d6zellikler<\/h3>\n\n\n\n<figure class=\"wp-block-table\"><table><tbody><tr><td><strong>Geni\u015flik<\/strong><\/td><td><strong>:<\/strong>&nbsp;131,2 mm<\/td><\/tr><tr><td><strong>Conta<\/strong><\/td><td><strong>:<\/strong>&nbsp;F\u0131r\u00e7a Conta<\/td><\/tr><tr><td><strong>Conta Say\u0131s\u0131<\/strong><\/td><td><strong>:<\/strong>&nbsp;\u0130\u00e7 &#8211; D\u0131\u015f \/ \u00c7ift S\u0131ra<\/td><\/tr><tr><td><strong>Kanat Aralar\u0131<\/strong><\/td><td><strong>:<\/strong>&nbsp;Al\u00fcminyum Kapak Profili<\/td><\/tr><tr><td><strong>Cam Uygulamalar\u0131<\/strong><\/td><td><strong>:<\/strong>&nbsp;8 mm temperli tek cam<\/td><\/tr><tr><td><strong>Mekanizma<\/strong><\/td><td><strong>:<\/strong>&nbsp;45.2 mm temperli tasar\u0131m (\u00f6zel \u00e7ap)<\/td><\/tr><\/tbody><\/table><\/figure>\n\n\n\n<h3>Renk Se\u00e7enekleri<\/h3>\n\n\n\n<p>Zen uno Deceuninck Cam Balkon Sistemleri zengin renk se\u00e7enekleri ile t\u00fcketicilerin beklentilerini kar\u015f\u0131lamaktad\u0131r.<\/p>\n\n\n\n<div class=\"wp-block-image\"><figure class=\"alignleft\"><img decoding=\"async\" src=\"https:\/\/www.egepen.com.tr\/images\/altin-mese-k.png\" alt=\"Alt\u0131n Me\u015fe\" title=\"\"\/><\/figure><\/div>\n\n\n\n<div class=\"wp-block-image\"><figure class=\"alignleft\"><img decoding=\"async\" src=\"https:\/\/www.egepen.com.tr\/images\/findik-k.png\" alt=\"F\u0131nd\u0131k\" title=\"\"\/><\/figure><\/div>\n\n\n\n<div class=\"wp-block-image\"><figure class=\"alignleft\"><img decoding=\"async\" src=\"https:\/\/www.egepen.com.tr\/images\/naturel-k.png\" alt=\"Naturel\" title=\"\"\/><\/figure><\/div>\n\n\n\n<div class=\"wp-block-image\"><figure class=\"alignleft\"><img decoding=\"async\" src=\"https:\/\/www.egepen.com.tr\/images\/parlak-eloksal_k.png\" alt=\"Parlak Eloksal\" title=\"\"\/><\/figure><\/div>\n\n\n\n<div class=\"wp-block-image\"><figure class=\"alignleft\"><img decoding=\"async\" src=\"https:\/\/www.egepen.com.tr\/images\/sedef-beyaz_k.png\" alt=\"Sedef Beyaz\" title=\"\"\/><\/figure><\/div>\n\n\n\n<div class=\"wp-block-image\"><figure class=\"alignleft\"><img decoding=\"async\" src=\"https:\/\/www.egepen.com.tr\/images\/vizon_k.png\" alt=\"Vizon\" title=\"\"\/><\/figure><\/div>\n\n\n\n<div class=\"wp-block-image\"><figure class=\"alignleft\"><img decoding=\"async\" src=\"https:\/\/www.egepen.com.tr\/images\/gri_k.png\" alt=\"Gri\" title=\"\"\/><\/figure><\/div>\n\n\n\n<div class=\"wp-block-image\"><figure class=\"alignleft\"><img decoding=\"async\" src=\"https:\/\/www.egepen.com.tr\/images\/titan_k.png\" alt=\"Titan\" title=\"\"\/><\/figure><\/div>\n\n\n\n<div class=\"wp-block-image\"><figure class=\"alignleft\"><img decoding=\"async\" src=\"https:\/\/www.egepen.com.tr\/images\/egepen-kartela-k.jpg\" alt=\"Titanium Sand\" title=\"\"\/><\/figure><\/div>\n\n\n\n<div class=\"wp-block-image\"><figure class=\"alignleft\"><a href=\"https:\/\/www.egepen.com.tr\/images\/metalik-antrasit-gri.jpg\"><img decoding=\"async\" src=\"https:\/\/www.egepen.com.tr\/images\/metalik-antrasit-gri-k.png\" alt=\"Metalik Antrasit Gri\" title=\"\"\/><\/a><\/figure><\/div>\n","protected":false},"excerpt":{"rendered":"<p>Genel \u00d6zellikler Zen uno Sistemi, kolay kullan\u0131m\u0131, g\u00fcvenli\u011fi ve esteti\u011fi bir arada sunan bir sistem tasar\u0131m\u0131d\u0131r. Zen uno Sistemi sahip<\/p>\n","protected":false},"author":1,"featured_media":0,"parent":0,"menu_order":0,"comment_status":"closed","ping_status":"closed","template":"","meta":[],"_links":{"self":[{"href":"http:\/\/www.farkpen.com\/index.php\/wp-json\/wp\/v2\/pages\/540"}],"collection":[{"href":"http:\/\/www.farkpen.com\/index.php\/wp-json\/wp\/v2\/pages"}],"about":[{"href":"http:\/\/www.farkpen.com\/index.php\/wp-json\/wp\/v2\/types\/page"}],"author":[{"embeddable":true,"href":"http:\/\/www.farkpen.com\/index.php\/wp-json\/wp\/v2\/users\/1"}],"replies":[{"embeddable":true,"href":"http:\/\/www.farkpen.com\/index.php\/wp-json\/wp\/v2\/comments?post=540"}],"version-history":[{"count":1,"href":"http:\/\/www.farkpen.com\/index.php\/wp-json\/wp\/v2\/pages\/540\/revisions"}],"predecessor-version":[{"id":541,"href":"http:\/\/www.farkpen.com\/index.php\/wp-json\/wp\/v2\/pages\/540\/revisions\/541"}],"wp:attachment":[{"href":"http:\/\/www.farkpen.com\/index.php\/wp-json\/wp\/v2\/media?parent=540"}],"curies":[{"name":"wp","href":"https:\/\/api.w.org\/{rel}","templated":true}]}}