{"id":531,"date":"2020-06-21T14:18:56","date_gmt":"2020-06-21T14:18:56","guid":{"rendered":"http:\/\/www.farkpen.com\/?page_id=531"},"modified":"2020-06-21T14:18:58","modified_gmt":"2020-06-21T14:18:58","slug":"sineklik","status":"publish","type":"page","link":"http:\/\/www.farkpen.com\/index.php\/sineklik\/","title":{"rendered":"S\u0130NEKL\u0130K"},"content":{"rendered":"\n<h3>Genel \u00d6zellikler<\/h3>\n\n\n\n<p>Sineklik, sineklerle m\u00fccadelede en zarars\u0131z \u00e7\u00f6z\u00fcmd\u00fcr (ila\u00e7s\u0131z). Pencerelerin rahatl\u0131kla a\u00e7\u0131larak her saatte mekanlar\u0131n\u0131z\u0131n havaland\u0131r\u0131lmas\u0131n\u0131 sa\u011flar.<br>Uygulama olarak mekana ve do\u011frama tercihine g\u00f6re s\u00fcrme sineklik veya i\u00e7e a\u00e7\u0131lan sineklik yap\u0131labilmektedir. Her \u00e7e\u015fit malzemedeki do\u011frama \u00fczerine yani ah\u015fap, al\u00fcminyum veya pvc rahatl\u0131kla monte edilebilir. Sinekliklerde her renk lamine renk uygulanabilmektedir.<\/p>\n\n\n\n<figure class=\"wp-block-image size-large\"><img decoding=\"async\" src=\"https:\/\/www.egepen.com.tr\/egepenTemp\/sm_crp_f045e3df-52a4-4ec5-9836-2806c4ba68f5.jpg\" alt=\"\"\/><\/figure>\n","protected":false},"excerpt":{"rendered":"<p>Genel \u00d6zellikler Sineklik, sineklerle m\u00fccadelede en zarars\u0131z \u00e7\u00f6z\u00fcmd\u00fcr (ila\u00e7s\u0131z). Pencerelerin rahatl\u0131kla a\u00e7\u0131larak her saatte mekanlar\u0131n\u0131z\u0131n havaland\u0131r\u0131lmas\u0131n\u0131 sa\u011flar.Uygulama olarak mekana ve<\/p>\n","protected":false},"author":1,"featured_media":0,"parent":0,"menu_order":0,"comment_status":"closed","ping_status":"closed","template":"","meta":[],"_links":{"self":[{"href":"http:\/\/www.farkpen.com\/index.php\/wp-json\/wp\/v2\/pages\/531"}],"collection":[{"href":"http:\/\/www.farkpen.com\/index.php\/wp-json\/wp\/v2\/pages"}],"about":[{"href":"http:\/\/www.farkpen.com\/index.php\/wp-json\/wp\/v2\/types\/page"}],"author":[{"embeddable":true,"href":"http:\/\/www.farkpen.com\/index.php\/wp-json\/wp\/v2\/users\/1"}],"replies":[{"embeddable":true,"href":"http:\/\/www.farkpen.com\/index.php\/wp-json\/wp\/v2\/comments?post=531"}],"version-history":[{"count":1,"href":"http:\/\/www.farkpen.com\/index.php\/wp-json\/wp\/v2\/pages\/531\/revisions"}],"predecessor-version":[{"id":532,"href":"http:\/\/www.farkpen.com\/index.php\/wp-json\/wp\/v2\/pages\/531\/revisions\/532"}],"wp:attachment":[{"href":"http:\/\/www.farkpen.com\/index.php\/wp-json\/wp\/v2\/media?parent=531"}],"curies":[{"name":"wp","href":"https:\/\/api.w.org\/{rel}","templated":true}]}}