{"id":517,"date":"2020-06-21T14:12:12","date_gmt":"2020-06-21T14:12:12","guid":{"rendered":"http:\/\/www.farkpen.com\/?page_id=517"},"modified":"2020-06-21T14:12:14","modified_gmt":"2020-06-21T14:12:14","slug":"storbox-panjur","status":"publish","type":"page","link":"http:\/\/www.farkpen.com\/index.php\/storbox-panjur\/","title":{"rendered":"STORBOX PANJUR"},"content":{"rendered":"\n<h3>Genel \u00d6zellikler<\/h3>\n\n\n\n<p>Mek\u00e2nlara mimari a\u00e7\u0131dan dekoratif se\u00e7enekler sunan T\u00fcrkiye\u2019nin lider&nbsp;<em>PVC&nbsp;<\/em>\u00fcreticilerinden Egepen Deceuninck,&nbsp;<strong>Storbox Panjur Sistemi<\/strong>&nbsp;ile ev ve ofislere g\u00fcvenlik, yal\u0131t\u0131m ve enerji tasarrufunu bir arada sunuyor. G\u00fcne\u015f \u0131\u015f\u0131\u011f\u0131, ya\u011fmur, toz gibi d\u0131\u015f etkenlerden koruyan&nbsp;<em>panjur sistemi<\/em>, g\u00fcvenli yap\u0131s\u0131 ile mek\u00e2nlar\u0131 zarar verici d\u0131\u015f fakt\u00f6rlere kar\u015f\u0131 koruyor.<\/p>\n\n\n\n<p>Ge\u00e7mi\u015f zamanlara bak\u0131ld\u0131\u011f\u0131nda temizlemesi zor, kaba bir g\u00f6r\u00fcnt\u00fcye sahip olan panjurlar, Egepen Deceuninck ile art\u0131k daha kullan\u0131\u015fl\u0131, daha g\u00fcvenli ve daha estetik. G\u00fcne\u015f \u0131\u015f\u0131\u011f\u0131, toz ve ya\u011fmur gibi hava ko\u015fullar\u0131na kar\u015f\u0131 koruma sa\u011flayan Egepen Deceuninck&nbsp;<strong>Storbox Panjur Sistemi<\/strong>, mek\u00e2nlara pratik ve estetik \u00e7\u00f6z\u00fcmler sunuyor. Kolay temizlenebilen yap\u0131s\u0131yla pratik temizleme imk\u00e2nlar\u0131 sa\u011flayan&nbsp;<strong><em>Storbox Panjur Sistemi<\/em><\/strong>, g\u00fcne\u015f \u0131\u015f\u0131nlar\u0131n\u0131 direkt alan mek\u00e2nlar i\u00e7in ideal \u00e7\u00f6z\u00fcmler sunuyor. Yap\u0131s\u0131ndaki \u015f\u0131k tasar\u0131m sayesinde evlerin mimarisi ile uyum i\u00e7inde olan ve mahremiyet i\u00e7in etkili olan panjur sistemi, h\u0131rs\u0131zl\u0131k gibi art niyetli tutumlar i\u00e7in cayd\u0131r\u0131c\u0131 bir rol oynuyor.<\/p>\n\n\n\n<p>G\u00fcr\u00fclt\u00fcy\u00fc engelleyen yap\u0131s\u0131yla ya\u015fan\u0131lan t\u00fcm yerlerde huzur sa\u011flayan panjur sistemi 165 mm ve 200 mm olarak iki farkl\u0131 boyutta \u00fcretiliyor ve do\u011frama \u00fcst\u00fc panjur olarak kullan\u0131l\u0131yor. Y\u00fcksek \u0131s\u0131 yal\u0131t\u0131m\u0131 sa\u011flamak amac\u0131yla 165&#215;200 mm ve 200&#215;235 mm kutularda \u00f6zel sistem i\u00e7inde bulunuyor.<\/p>\n\n\n\n<p>Panjur lamel se\u00e7ene\u011fi Ege ve Mini Panjur olarak kullan\u0131labilen&nbsp;<em><strong>Storbox Panjur Sistemi<\/strong><\/em>, tek pencereye, kap\u0131 \u00fcst\u00fcne ve \u00e7oklu panjur uygulamas\u0131 gerektiren mek\u00e2nlara kolayl\u0131kla uygulanabiliyor. Mek\u00e2nlar\u0131na daha dekoratif bir g\u00f6r\u00fcn\u00fcm veya koruma sa\u011flamak isteyenler ise tercihe g\u00f6re, s\u00fcrme sineklik veya stor sineklik ile kombine edilebiliyor.<\/p>\n\n\n\n<p>Teknik \u00d6zellikler<img decoding=\"async\" src=\"https:\/\/www.egepen.com.tr\/images\/storbox-panjur.jpg\"><\/p>\n\n\n\n<figure class=\"wp-block-image size-large\"><img decoding=\"async\" src=\"https:\/\/www.egepen.com.tr\/images\/panjur.jpg\" alt=\"\"\/><\/figure>\n\n\n\n<h3>Storbox Panjur Bro\u015f\u00fcr<\/h3>\n\n\n\n<ul><li><a href=\"https:\/\/www.egepen.com.tr\/egepenTemp\/05661676-2404-4999-b256-36285d85266d.pdf\" target=\"_blank\" rel=\"noreferrer noopener\">Storbox Bro\u015f\u00fcr<\/a><\/li><\/ul>\n\n\n\n<figure class=\"is-layout-flex wp-block-gallery-1 wp-block-gallery columns-3 is-cropped\"><ul class=\"blocks-gallery-grid\"><li class=\"blocks-gallery-item\"><figure><img decoding=\"async\" loading=\"lazy\" width=\"600\" height=\"400\" src=\"http:\/\/www.farkpen.com\/wp-content\/uploads\/2020\/06\/sm_crp_52fc6b72-8104-4e43-a7c6-f0abdd00cce9.jpg\" alt=\"\" data-id=\"518\" data-full-url=\"http:\/\/www.farkpen.com\/wp-content\/uploads\/2020\/06\/sm_crp_52fc6b72-8104-4e43-a7c6-f0abdd00cce9.jpg\" data-link=\"http:\/\/www.farkpen.com\/?attachment_id=518\" class=\"wp-image-518\" srcset=\"http:\/\/www.farkpen.com\/wp-content\/uploads\/2020\/06\/sm_crp_52fc6b72-8104-4e43-a7c6-f0abdd00cce9.jpg 600w, http:\/\/www.farkpen.com\/wp-content\/uploads\/2020\/06\/sm_crp_52fc6b72-8104-4e43-a7c6-f0abdd00cce9-300x200.jpg 300w\" sizes=\"(max-width: 600px) 100vw, 600px\" \/><\/figure><\/li><li class=\"blocks-gallery-item\"><figure><img decoding=\"async\" loading=\"lazy\" width=\"600\" height=\"400\" src=\"http:\/\/www.farkpen.com\/wp-content\/uploads\/2020\/06\/sm_crp_551ff2f6-d6f4-4686-97ba-b1020be3625f.jpg\" alt=\"\" data-id=\"519\" data-full-url=\"http:\/\/www.farkpen.com\/wp-content\/uploads\/2020\/06\/sm_crp_551ff2f6-d6f4-4686-97ba-b1020be3625f.jpg\" data-link=\"http:\/\/www.farkpen.com\/?attachment_id=519\" class=\"wp-image-519\" srcset=\"http:\/\/www.farkpen.com\/wp-content\/uploads\/2020\/06\/sm_crp_551ff2f6-d6f4-4686-97ba-b1020be3625f.jpg 600w, http:\/\/www.farkpen.com\/wp-content\/uploads\/2020\/06\/sm_crp_551ff2f6-d6f4-4686-97ba-b1020be3625f-300x200.jpg 300w\" sizes=\"(max-width: 600px) 100vw, 600px\" \/><\/figure><\/li><li class=\"blocks-gallery-item\"><figure><img decoding=\"async\" loading=\"lazy\" width=\"600\" height=\"400\" src=\"http:\/\/www.farkpen.com\/wp-content\/uploads\/2020\/06\/sm_crp_1218ed24-2cde-41d1-9ffd-1a07cabf89ba.jpg\" alt=\"\" data-id=\"520\" data-full-url=\"http:\/\/www.farkpen.com\/wp-content\/uploads\/2020\/06\/sm_crp_1218ed24-2cde-41d1-9ffd-1a07cabf89ba.jpg\" data-link=\"http:\/\/www.farkpen.com\/?attachment_id=520\" class=\"wp-image-520\" srcset=\"http:\/\/www.farkpen.com\/wp-content\/uploads\/2020\/06\/sm_crp_1218ed24-2cde-41d1-9ffd-1a07cabf89ba.jpg 600w, http:\/\/www.farkpen.com\/wp-content\/uploads\/2020\/06\/sm_crp_1218ed24-2cde-41d1-9ffd-1a07cabf89ba-300x200.jpg 300w\" sizes=\"(max-width: 600px) 100vw, 600px\" \/><\/figure><\/li><\/ul><\/figure>\n","protected":false},"excerpt":{"rendered":"<p>Genel \u00d6zellikler Mek\u00e2nlara mimari a\u00e7\u0131dan dekoratif se\u00e7enekler sunan T\u00fcrkiye\u2019nin lider&nbsp;PVC&nbsp;\u00fcreticilerinden Egepen Deceuninck,&nbsp;Storbox Panjur Sistemi&nbsp;ile ev ve ofislere g\u00fcvenlik, yal\u0131t\u0131m ve<\/p>\n","protected":false},"author":1,"featured_media":0,"parent":0,"menu_order":0,"comment_status":"closed","ping_status":"closed","template":"","meta":[],"_links":{"self":[{"href":"http:\/\/www.farkpen.com\/index.php\/wp-json\/wp\/v2\/pages\/517"}],"collection":[{"href":"http:\/\/www.farkpen.com\/index.php\/wp-json\/wp\/v2\/pages"}],"about":[{"href":"http:\/\/www.farkpen.com\/index.php\/wp-json\/wp\/v2\/types\/page"}],"author":[{"embeddable":true,"href":"http:\/\/www.farkpen.com\/index.php\/wp-json\/wp\/v2\/users\/1"}],"replies":[{"embeddable":true,"href":"http:\/\/www.farkpen.com\/index.php\/wp-json\/wp\/v2\/comments?post=517"}],"version-history":[{"count":1,"href":"http:\/\/www.farkpen.com\/index.php\/wp-json\/wp\/v2\/pages\/517\/revisions"}],"predecessor-version":[{"id":521,"href":"http:\/\/www.farkpen.com\/index.php\/wp-json\/wp\/v2\/pages\/517\/revisions\/521"}],"wp:attachment":[{"href":"http:\/\/www.farkpen.com\/index.php\/wp-json\/wp\/v2\/media?parent=517"}],"curies":[{"name":"wp","href":"https:\/\/api.w.org\/{rel}","templated":true}]}}